 + (1655 - 1617).
16
What is the value of -40 - (46 - 41 - 30 - 18)?
3
Calculate (117 - -5) + 0 + -1 + 26 + 243 + -255.
135
Evaluate (17 - 2 - -3) + -7 + -19 + -133.
-141
Calculate -20 - -26 - (4 - 52) - 1.
53
1 + -6 - ((339 - 355) + (15 - -2))
-6
Calculate (-12 - -20) + (-8 - (-3 - (-71 - -8) - 10)).
-50
What is the value of -18 - 65 - (-82 + 63)?
-64
What is the value of 0 + 0 + -10 + 32 + (19 - (-3 + 0))?
44
What is the value of 2 + -1 + (82 - 85) + 51 + 0 + 1?
50
What is the value of 70 - 106 - 42 - -35?
-43
Evaluate 34 - ((-17 + -15 - -2) + 60).
4
Calculate (25 - -14) + 7 + -37 - -12.
21
0 - 57 - (15 - (-9 + 17 + 3) - -5)
-66
-10 + 13 - -11 - (18 + (-20 - -7))
9
(-20598 - -20743) + (5 - 1) + -1 + -21
127
Evaluate -104 + (-121 - -37) + 58.
-130
-26 + (-14 - (-15 - 11) - 14)
-28
What is the value of -46 + (-32 + 25 - -28) + -29?
-54
-18 - (-68 + 27) - (-39 - -1 - -3)
58
-125 + 107 + (-2 - -41)
21
What is 106 - ((-7 - -58) + -4 + -16)?
75
Calculate 164 + -143 - ((-6 - -116) + -14).
-75
Evaluate 4 - (-2 + 6 - (25 - (13 - -15) - 3)).
-6
Calculate -132 + 229 - -30 - 148.
-21
What is the value of (-61 + 117 - 32) + -5 + (0 - 2)?
17
95 - ((-1 - 6 - -22) + -4 + -14 + 0)
98
Evaluate 7 - (32 - 17) - (17 + -17 + -114).
106
Calculate (59 - (4 + 51)) + 79.
83
Calculate (-63 - -44) + -44 - -115.
52
Calculate 0 + 47 + 4 - (85 - 157 - -55).
68
What is 6 + (18 + -44 - (1 - -5))?
-26
Evaluate -51 + 1 + ((7 - -29) + -50 - 0).
-64
17 + 95 + (-2 - -7) + -8
109
(-8 + -6 - -3 - (126 - 141)) + -33
-29
Evaluate -27 - (-19 + 21 + -5 - -18).
-42
Evaluate (22 - (0 - (-53 - 14))) + 18.
-27
What is the value of (-2 - -11) + -212 + 186 - -21?
4
Calculate -30 - (-19 + -6) - 9.
-14
What is -19 - (14 - (7 - 3 - 8) - 15)?
-22
Evaluate -78 + 26 + -48 + (9 - -19).
-72
Calculate -1 - (7 + -4) - (37 + 18 + -47).
-12
What is the value of 34 - (-4 - (-110 + 98))?
26
Calculate (-6 - -11) + (7 - (-2 + 1 + 0)) + 8.
21
Evaluate -78 - (-7 + -4 - -5) - (-7 + 1 + -6).
-60
What is 13 - (-36 - (-19 - -6)) - (-10 + 5 - -2)?
39
Evaluate -2 + (10 - (-4 - 39)) + 5.
56
48 + (-21 + -19 - 1)
7
What is (9 - -6) + 6 + 41 + 9?
71
Evaluate (-221 - -170) + (108 - 3).
54
Calculate 4 + -2 + -4 + -152 + -30898 + 30904.
-148
Calculate -65 + (-25 - (-17 + 1) - (-2 - 21 - -4)).
-55
-14 + 175 + -157 + -87
-83
Calculate (-9 + 3 + -5 - -5) + 203 + -222.
-25
59 - 114 - -41 - -20
6
Calculate -18 + (93 - (6 + (-18 - (10 + -11)))).
86
What is the value of -1 + (-45 - -23 - -13 - 11)?
-21
193 - (144 - (-58 + 69))
60
2 + -16 - (-24 + -3 + 9)
4
Evaluate (15 + 0 - 30) + 30 - -20.
35
Evaluate -37 + -7 + 45 + -77.
-76
(-6 + 6 - (75 - 180)) + -28
77
Calculate (2 - -13 - (-23 + (34 - 5))) + 51.
60
-4 + 73 + -14 + 20 - (-2 - -14)
63
(-17 - -1) + -103 + 89 + 2
-28
Calculate 12 + 36 + (37 - 72) + (1 - 8).
6
Calculate -55 + (21 + -32 - -24).
-42
Evaluate -61 - 1 - (-155 + 98 + 42).
-47
What is (16 - -15) + -47 - -47?
31
What is the value of (6 - (-32 - -15)) + 16 - 9?
30
Evaluate 19 - (-51 + 103 + -123).
90
Calculate 0 + 17 - 1 - (-48 - (13 - (84 + -69))).
62
-3 + -2 + (3 - 0) + 4 - (462 - 395)
-65
What is the value of -25 - (17 - -47) - (5 - 45)?
-49
Evaluate 45 + (56 - 28 - 11).
62
Calculate -134 + (-22 - (61 + -47) - -31).
-139
Evaluate -4 + 2 + 7 + 4 + (29 - 21) + -1.
16
What is the value of (812 - 800) + -5 + -78?
-71
What is -158 + 145 + -61 + 82?
8
What is -48 + (4 - (-11 + 43 + -45 - (-23 + 1)))?
-53
0 + 15 + 6 + (9 - (0 + 13))
17
Evaluate (20 - -3) + -19 - -7 - (14 + 97).
-100
Evaluate (8 - 11 - 10) + (14 - (-5 - (-6 - 5))).
-5
What is the value of 9 + -44 + (-4 - (17 - 12) - (-9 - -3))?
-38
Evaluate 141 + 0 - (1629 + -1541).
53
Calculate (2 + -2 - -1) + 8 + (-9023 - -8960).
-54
-79 + (35 - (27 - 22)) - 18
-67
83 + 6 + -187 + 163 + -23
42
Calculate (1 + -13 - -6) + 51 + -54 + 23.
14
What is 5 + 2 + -4 - (3 - (-28 + 14))?
-14
Calculate 151 - (-15 + -14 + 14 - -47).
119
2171 + -2190 + -1 + (0 - 5)
-25
Calculate (15 - 5) + (-1 + -15 - -73) + -15.
52
Calculate 1925 - 2081 - (-92 + -2).
-62
0 - 22 - (-61 + 25 - -26 - -19)
-31
Evaluate (7 - (6 + -10)) + (-9 - (-2 + (4 - 13))).
13
Calculate 52 - (89 - -2) - -121.
82
What is the value of (-41 - -1) + (9 + -47 - -10)?
-68
What is the value of -12 - 31 - (-154 + 13)?
98
What is (91 - 40) + -65 - 34?
-48
What is the value of (-20 + (8 - 0) - -80) + -4 - 13?
51
Evaluate -54 + (39 - -11) - 4.
-8
(1 - (-2 + 14)) + (4 - 30) + 40 + -25
-22
Calculate 108 + 19 + (-3 - ((2 - (12 + -9)) + 3)).
122
What is the value of -8 + (3 + 7 + -29 - -20) - -96?
89
Calculate 3 + 0 - (-99 + 104 + 0).
-2
Evaluate 49 - (-29 + (-42 - -71)).
49
29 - ((-37 - 2) + 40)
28
Evaluate -41 + 14 + (-50 - (-21 + -11)).
-45
What is -1 + (48 + 2 + -3 - (-108 + 50 - -63))?
41
Evaluate -4 + -20 + 6 + 32 + (-2 - 10).
2
28 - 15 - (-24 + 153 + -8)
-108
What is 4 + (12 + -30 - (-5 + -13))?
4
Evaluate -23 + (-22 - (-23 - -12)).
-34
(2 - -3) + -5 + 115 + -124
-9
Evaluate 1 + -35 - (4 - 61 - -49).
-26
Calculate (-11 + 2 - 4) + 17 - -7 - 0.
11
-9 + (-14 - (-3 - (-14 - (11 - 15))) - -2)
-28
What is (-7 - (-16 - 36)) + -28 + 62?
79
What is the value of 303 + -322 + -13 + 74?
42
Evaluate (-43 - -29) + 22 - 6 - -14.
16
What is the value of 1 + (-55 - -78) - (27 - 2) - -31?
30
(-33 - (-5 + 11)) + (-22 - -10) + 11
-40
(13 - -71) + -49 + -48 + 39 + -2
24
What is 8 + -44 + (-41 - -31)?
-46
63 - (31 + (30 - 8 - 31))
41
-20 - (-47 - -42) - -9
-6
Calculate -93 + 17 + (172 - 134).
-38
Evaluate 17 + 0 - (-4680 - -4670).
27
Calculate -128 - -90 - (18 + -45) - (71 + -1 + 0).
-81
Evaluate -205 + (147 - 57) - -96.
-19
Calculate 4 + -7 + 1 - 27 - (66 - 68).
-27
What is (0 - 3) + (13 + 0 - (305 + -238))?
-57
Calculate (39 - (-37 + 76)) + 51 + -11.
40
Evaluate (-23 - 3) + 2 - (-1 + (-11 - -6)) - 4.
-22
Calculate (31 - (16 + -28 - -33)) + 26.
36
(0 - 9) + (3192 - 3257)
-74
Calculate 1 + 6 + -3 - (-16 - (-22 + 66)).
64
Calculate (-37 - 8 - (-22 - 0)) + 11.
-12
Calculate 99 + 3 - (-1602 + 1641).
63
What is (-20 + 41 - -14) + -13 - 77?
-55
(0 - -9) + -116 + 21 + 97
11
74 - (183 - (-4 - -67))
-46
Evaluate 13 + -17 + -56 - (-14 + -3).
-43
What is the value of -7 - (9 - -1 - (-1 + 7 - (116 + -129)))?
2
What is -50 - (2 + -106) - (-5 - -2)?
57
-7 - ((-3 - -8 - 24) + -1)
13
-15 - ((68 - 18) + -90 + -1 + 6)
20
What is 13 + 0 + 0 - (16207 - 16220)?
26
Evaluate (16 - (24 - (15 + -39)) - -17) + 81.
66
What is 177 + -160 - (1 + -5)?
21
What is the value of 25 + -51 + 22 + (0 - 1) - (-154 - -20)?
129
What is (-25 - -60 - 76) + 104?
63
-33 + (1 - (21 - (0 - -12)))
-41
Calculate (16 + -27 - -10) + (2 - 11) - 17.
-27
Calculate 57 + -8 + -23 - 73.
-47
Calculate 48 + -126 + 58 + 76.
56
Evaluate (-82 - -35 - -5) + (-14 - 5) + 8.
-53
What is the value of (53 + 7 - 64) + -27?
-31
Calculate 42 + (-29 - 32 - -28) + (-3 - 0) + -64.
-58
Calculate -5 - -17 - (91 + -102).
23
Calculate 32 + (-22 - -91) + 16 + -49.
68
What is (-2 - -24) + 1346 + -1341?
27
What is the value of -15 + -18 + -2 + (2 + 5 - 13)?
-41
-54 + 7 - (-9 + -35) - (1 + -107)
103
Evaluate (-16 - 35 - -42) + 121 - -23.
135
Evaluate -8 + 10 - (-18 - -12 - -17 - 29).
20
Calculate 2 - (13 + 37) - -47.
-1
Evaluate -2 + -8 - (-70 - (71 - 59)).
72
Calculate -194 + (-93 - -87) + 121.
-79
-64 - (3 + (-16 - 27))
-24
(-6 + 0 - (85 + -59)) + -37
-69
Evaluate (-49 - 2 - -10) + (0 - -2 - (2 - 5)).
-36
What is the value of 5 - -145 - (4410 - 4312)?
52
Calculate -127 - (52 + -2 + -102) - (11 + 0).
-86
Evaluate -35 - (22 - (11 + (7 - 10)) - 5).
-44
Calculate -87 + (48 - -2) + 94.
57
What is the value of (16 - (-3 + 18 + 9)) + 47?
39
Calculate 4 + 7 + (7 - 18) - (5 - (-53 - -8)).
-50
What is the value of -1 + 14 + -17 - (-13 - (17 - 82))?
-56
Evaluate -9 + 13 + -11 - (50 - (-3 + 12 + -5)).
-53
Calculate 39 - (-2 - -5 - -12 - (43 + -30)).
37
What is the value of -138 + 97 + 27 + (77 - 1)?
62
What is (89 - 32) + -69 - -19?
7
-20 + (37 - 15) - (-11 - (-6 + 83))
90
Calculate (-3 - -6 - -3) + (-232 - -146) + (0 - -20).
-60
What is the value of -17 - (16 + -7 - 0 - 6)?
-20
What is the value of -91 + 4 - ((-9 - 52) + 51 + 0 + 10)?
-87
(24 - 2) + 242 + -280
-16
What is (2 - 3 - -4) + 42 + 91 + 46 + -93?
89
Evaluate -1 + 3 - (11650 + -11691).
43
-11 + 16 + (24 + -39 - -94)
84
Evaluate 24 - (25 + (31 - (140 - -32))).
140
Calculat